actor of 1180036?
False
Is 3474556 a multiple of 19?
False
Is 95534 a multiple of 3?
False
Does 29 divide 236501?
False
Does 20 divide 12740?
True
Is 14 a factor of 6385498?
True
Is 16 a factor of 491648?
True
Is 645405 a multiple of 255?
True
Is 5967 a multiple of 103?
False
Is 58 a factor of 513184?
True
Does 16 divide 10244336?
True
Is 28 a factor of 46424?
True
Is 212267 a multiple of 17?
False
Does 1182 divide 4613395?
False
Is 241 a factor of 196086?
False
Does 11 divide 121649?
True
Is 22430 a multiple of 6?
False
Is 295492 a multiple of 15?
False
Does 306 divide 1659814?
False
Is 1951974 a multiple of 6?
True
Is 1381119 a multiple of 2?
False
Does 65 divide 1401638?
False
Does 61 divide 535458?
True
Is 1495618 a multiple of 643?
True
Is 475580 a multiple of 20?
True
Is 2420132 a multiple of 52?
True
Is 5757975 a multiple of 971?
False
Is 1626 a factor of 2655258?
True
Does 106 divide 766698?
True
Does 13 divide 171453?
False
Is 42445 a multiple of 65?
True
Is 246314 a multiple of 107?
True
Is 2390200 a multiple of 646?
True
Is 68 a factor of 1738538?
False
Does 10 divide 4843362?
False
Does 2872 divide 9666867?
False
Is 46 a factor of 1104?
True
Is 371 a factor of 782810?
True
Does 427 divide 5756387?
True
Is 163 a factor of 2466353?
True
Is 2885690 a multiple of 10?
True
Is 155 a factor of 94678?
False
Is 16 a factor of 69934?
False
Does 36 divide 763040?
False
Does 238 divide 11825506?
True
Does 629 divide 8046547?
False
Is 37 a factor of 469954?
False
Is 332 a factor of 233064?
True
Is 288 a factor of 1698196?
False
Is 50 a factor of 1002214?
False
Is 28 a factor of 3572604?
True
Does 766 divide 629652?
True
Is 16153 a multiple of 20?
False
Is 820942 a multiple of 1033?
False
Is 378 a factor of 135762?
False
Is 38147 even?
False
Does 114 divide 34159?
False
Is 693 a factor of 465696?
True
Is 3362646 a multiple of 59?
True
Is 297 a factor of 411668?
False
Does 20 divide 358860?
True
Is 499960 a multiple of 42?
False
Is 330390 a multiple of 12?
False
Is 11 a factor of 13486?
True
Is 4851616 a multiple of 17?
False
Is 1923597 a multiple of 1203?
True
Is 37 a factor of 763650?
False
Is 20 a factor of 295057?
False
Is 7793940 a multiple of 490?
True
Does 360 divide 5517360?
True
Does 20 divide 731610?
False
Is 304603 a multiple of 13?
True
Is 77 a factor of 57750?
True
Does 19 divide 41249?
True
Is 106 a factor of 20034?
True
Does 520 divide 8772920?
True
Is 81 a factor of 527463?
False
Is 394658 a multiple of 62?
False
Does 358 divide 55654?
False
Is 20528296 a multiple of 19?
False
Is 48318 a multiple of 359?
False
Does 181 divide 120727?
True
Is 73 a factor of 9835436?
True
Does 208 divide 714124?
False
Is 7087426 a multiple of 14?
False
Is 1056 a factor of 3666107?
False
Is 728507 a multiple of 29?
False
Is 40 a factor of 338421?
False
Does 14 divide 815336?
False
Is 145 a factor of 200970?
True
Does 114 divide 4838616?
True
Is 25645 a multiple of 23?
True
Is 58868 a multiple of 7?
False
Is 1033019 a multiple of 8?
False
Is 238456 a multiple of 29?
False
Is 949082 a multiple of 200?
False
Is 17 a factor of 54566?
False
Does 9 divide 672294?
False
Is 66256 a multiple of 113?
False
Does 203 divide 1529808?
True
Is 3695 a multiple of 4?
False
Does 31 divide 759376?
True
Is 23 a factor of 1390920?
False
Does 734 divide 12279820?
True
Is 347949 a multiple of 63?
True
Does 6 divide 1187028?
True
Is 171 a factor of 3294917?
False
Does 15 divide 235749?
False
Is 272 a factor of 558960?
True
Is 151223 a multiple of 24?
False
Is 213 a factor of 74550?
True
Does 188 divide 9023624?
True
Is 4 a factor of 115545?
False
Is 431 a factor of 447378?
True
Is 11 a factor of 1166902?
True
Is 434700 a multiple of 126?
True
Is 210 a factor of 226472?
False
Does 29 divide 8258069?
True
Does 28 divide 194656?
True
Is 15 a factor of 1364971?
False
Is 41 a factor of 35699?
False
Is 108690 a multiple of 30?
True
Is 235 a factor of 3862287?
False
Is 51606 a multiple of 10?
False
Does 50 divide 1589200?
True
Is 202545 a multiple of 15?
True
Is 309 a factor of 2013135?
True
Does 55 divide 73099?
False
Is 79260 a multiple of 15?
True
Is 16 a factor of 1112628?
False
Is 39 a factor of 17908332?
True
Does 39 divide 5580500?
False
Is 292580 a multiple of 20?
True
Is 153 a factor of 513162?
True
Is 26406 a multiple of 65?
False
Is 28176 a multiple of 9?
False
Does 184 divide 2598720?
False
Is 2 a factor of 486176?
True
Is 75 a factor of 1904745?
False
Is 17944289 a multiple of 91?
False
Is 942053 a multiple of 413?
True
Does 7 divide 92659?
True
Is 230828 a multiple of 299?
True
Is 11395 a multiple of 5?
True
Does 832 divide 371072?
True
Is 22 a factor of 6699704?
True
Is 498 a factor of 3478530?
True
Is 189 a factor of 595161?
True
Does 238 divide 116554?
False
Does 176 divide 2636463?
False
Is 78020 a multiple of 166?
True
Is 90474 a multiple of 51?
True
Is 35890 a multiple of 19?
False
Does 21 divide 108868?
False
Does 119 divide 377341?
False
Is 378146 a multiple of 234?
False
Is 13 a factor of 343408?
True
Does 516 divide 813115?
False
Does 23 divide 222295?
True
Does 8 divide 1122624?
True
Is 52 a factor of 25168?
True
Does 2 divide 886289?
False
Is 31 a factor of 157980?
False
Is 266 a factor of 2934322?
False
Is 26083002 a multiple of 33?
True
Is 116 a factor of 1830464?
False
Does 23 divide 409492?
True
Is 361 a factor of 5696219?
True
Is 102439 a multiple of 89?
True
Is 38 a factor of 625310?
False
Does 69 divide 4925412?
False
Is 35 a factor of 174387?
False
Is 326 a factor of 175714?
True
Does 22 divide 42020?
True
Is 13919685 a multiple of 1235?
True
Is 19250230 a multiple of 14?
False
Is 609 a factor of 21926839?
False
Does 9 divide 112792?
False
Does 29 divide 49996?
True
Does 19 divide 19797968?
False
Does 5 divide 355210?
True
Does 26 divide 2578290?
True
Is 9596227 a multiple of 89?
False
Is 1891260 a multiple of 285?
True
Does 65 divide 362306?
False
Is 116 a factor of 11088272?
False
Is 121 a factor of 888912?
False
Is 295069 a multiple of 70?
False
Is 109605 even?
False
Is 5698043 a multiple of 846?
False
Does 10 divide 211740?
True
Does 197 divide 77832?
False
Is 3 a factor of 96939?
True
Is 12 a factor of 9453960?
True
Does 9 divide 289648?
False
Does 26 divide 1223264?
False
Is 106 a factor of 399131?
False
Is 59 a factor of 62835?
True
Is 26 a factor of 144158?
False
Is 9656316 a multiple of 36?
True
Is 11394144 a multiple of 9?
True
Does 25 divide 1020625?
True
Is 12 a factor of 680136?
True
Is 7648204 a multiple of 6?
False
Is 25349 a multiple of 3?
False
Is 696541 a multiple of 18?
False
Is 8017 a multiple of 17?
False
Does 406 divide 4426212?
True
Does 67 divide 581166?
False
Is 327 a factor of 761444?
False
Is 417 a factor of 6337149?
True
Does 14 divide 2339890?
True
Is 41 a factor of 246638?
False
Is 3394688 a multiple of 234?
False
Does 27 divide 452871?
True
Is 64 a factor of 1088832?
True
Is 8 a factor of 120592?
True
Does 178 divide 1563311?
False
Is 10986 a multiple of 4?
False
Does 313 divide 476255?
False
Is 2364611 a multiple of 749?
False
Is 287 a factor of 2141881?
True
Is 39 a factor of 13472718?
False
Is 30 a factor of 97080?
True
Does 18 divide 4483314?
True
Does 124 divide 537788?
True
Is 53 a factor of 27538?
False
Does 18 divide 5804764?
False
Is 15648375 a multiple of 75?
True
Is 381920 a multiple of 341?
True
Does 7 divide 313923?
False
Is 129416 a multiple of 13?
False
Is 17193406 a multiple of 2077?
True
Is 41 a factor of 546161?
True
Does 5 divide 186338?
False
Is 147318 a multiple of 298?
False
Is 56 a factor of 286934?
False
Does 34 divide 10242595?
False
Does 55 divide 14625930?
True
Is 90 a factor of 449820?
True
Is 8082 a multiple of 9?
True
Does 93 divide 259573?
False
Does 22 divide 69760?
False
Is 211 a factor of 865440?
False
Is 60 a factor of 94906?
False
Does 14 divide 838936?
True
Is 240189 a multiple of 84?
False
Is 283929 a multiple of 32?
False
Does 64 divide 94789?
False
Does 90 divide 136080?
True
Is 832054 a multiple of 41?
True
Is 17 a factor of 13802?
False
Is 89 a factor of 71111?
True
Is 60538 a multiple of 8?
False
Is 127635 a multiple of 27?
False
Does 8 divide 229672?
True
Is 102432 a multiple of 8?
True
Is 353496 even?
True
Is 19612 a multiple of 8?
False
Is 724 a factor of 2772140?
Fa